 - 17 = -2*r, r + 5*d = -0*d - 11. Suppose -r*f - 116 = q - 5*q, 140 = 4*q + 2*f. What are the prime factors of q?
3, 11
Let q = 3 - 0. Suppose -q*z + 90 = -0*z. What are the prime factors of z?
2, 3, 5
Suppose 0 = 2*h - d - 0*d + 4, -5*h - 5 = -5*d. What are the prime factors of -1 + 0 + h + 17?
13
Let h(d) = 2*d - 1. Let w be h(-1). Let j(q) = -q**3 - 2*q**2 + 2*q + 1. What are the prime factors of j(w)?
2
Let r = -2 - 9. Let p be (4 - 5)*-3*6. Let i = p + r. List the prime factors of i.
7
Let o(s) = s**2 + 4*s. Let d be o(-5). Suppose 5*l - d - 10 = 0. What are the prime factors of l?
3
Let f be 145/7 - (-8)/28. Let y = f - 14. What are the prime factors of y?
7
Let i(c) = -c**2 + 6*c + 3. Let m be i(7). Let v = m - -5. List the prime factors of (4 - v)/(21/56).
2
Suppose -d = 2*d + 3. Let p be (-28)/(-8) + (-3)/(-2). Let q = p + d. List the prime factors of q.
2
Let k = -7 + 11. Suppose 0 = -k*b - b + 40. What are the prime factors of b?
2
Let m(t) = 3*t - 5. Let c = 14 - 9. List the prime factors of m(c).
2, 5
Let j = 19 - 24. Let f(r) be the first derivative of -r**3/3 - 3*r**2 - r - 1. List the prime factors of f(j).
2
List the prime factors of (-952)/(-21) + 2/(-6).
3, 5
Let d = 511 + -262. What are the prime factors of d?
3, 83
Suppose -m = v - 104, -m - 31 = 2*v - 137. List the prime factors of m.
2, 3, 17
What are the prime factors of (-182)/(-3) - 4/6?
2, 3, 5
Let d = -4 + 9. Suppose -2*z = -4*z - 4*p + 20, d*p = -z + 22. Suppose r + 0*r = z. List the prime factors of r.
2
Let v(l) = 35*l - 1. What are the prime factors of v(2)?
3, 23
Let j be (0 + 2 + -2)/(-1). What are the prime factors of j + (-3 - -3) - -26?
2, 13
Let j(k) = -k**2 + 9*k - 5. Let y be j(8). Suppose 4*c - 133 + y = 5*o, -52 = -2*c - 4*o. List the prime factors of c.
2, 3, 5
Let q be -4 + 5 - (4 + -1). What are the prime factors of q - (12/(-1))/3?
2
Suppose 0 = v - 4 + 1. Suppose -v = -r + 15. Suppose 3*n - i - r = 0, n + 3*i = 2*n - 14. List the prime factors of n.
5
Let y(q) = -4*q - 3. Let m be y(-2). Suppose -2*z = 2*z + 2*o - 10, -m*z = 2*o - 15. List the prime factors of z.
5
Let f(r) = r**2 + r - 1. Suppose 0 = 3*u + 14 - 2. Let k(x) = 3*x**2 - 5. Let g(m) = u*f(m) + k(m). What are the prime factors of g(-3)?
2
Let u(j) = j - 8. Let p be u(5). Let l be (-14)/p - 3/(-9). Suppose -5*r = -l*i - 50, 6*r - 2*r - 39 = 5*i. List the prime factors of r.
11
Let n = 19 - -3. List the prime factors of n.
2, 11
What are the prime factors of (-1348)/(-16) - 3/12?
2, 3, 7
Suppose 3*z - 4*z = 24. Let n(t) = -t**3 - 3*t**2 - 3*t. Let g be n(-2). List the prime factors of z/(-14) - g/(-7).
2
Let n(f) = -f**3 + f**2 - f + 2. Let q be n(0). Suppose -5*o = -3*j + 71, 4*j + 0*o - q*o = 104. What are the prime factors of j?
3
Let q(b) = 0 - 3*b + 5*b + 2*b - 1. What are the prime factors of q(4)?
3, 5
Suppose -8 = -6*m - 2. Suppose -4 = 4*v - 5*v. Suppose 0 = b + 2*j - m, -4*b + 11 + 17 = -v*j. What are the prime factors of b?
5
Let q(o) = o - 2. Let s be q(1). Suppose k - 1 = 10. List the prime factors of (1 - (3 + s)) + k.
2, 5
Let h = -6 + 9. Suppose 0 = h*o - 30. Suppose -4*k + o = 2*i, 0 = -5*k + 4 - 19. What are the prime factors of i?
11
List the prime factors of 8/24*(1 - -728).
3
Let r = 62 + -19. List the prime factors of r.
43
Let b = -6 - 6. What are the prime factors of 3*2*b/(-18)?
2
Suppose -24 - 41 = -5*w. Let u = -2 + w. What are the prime factors of u?
11
What are the prime factors of 259/5 - (-3)/15?
2, 13
Let z(n) be the first derivative of -n**2/2 - 2*n + 1. Suppose -5*a = -x - 26, -50 = 5*x - 5*a - 0*a. What are the prime factors of z(x)?
2
Let z(j) = j**3 - 2*j**2 - j. Let a be z(3). Let y(t) = -t**3 + 6*t**2 + 7*t + 4. List the prime factors of y(a).
2, 23
Suppose 101 = 2*f - 177. List the prime factors of f.
139
Let u be 2/(0 - 3/(-30)). Let d = -6 + u. List the prime factors of d.
2, 7
Suppose 2*b + 155 = 3*x, -5*b + 0*b = 5*x - 250. What are the prime factors of x?
3, 17
Suppose 6 = 2*d - 4*u, -2*d + 3*u = -1 - 2. What are the prime factors of (4 + d + -2)*-2?
2
Let r = -2 - -4. Let d be -1*(0 - -2) - r. What are the prime factors of (5/d)/(5/(-20))?
5
Let d(b) = 2*b - 12. Let u(m) = 12*m**2 + 2*m + 1. Let f be u(-1). List the prime factors of d(f).
2, 5
Let x = 38 + -25. List the prime factors of x.
13
Let o(a) = a**3 - 10*a**2 + a - 5. Let k be o(10). Let b = k - -5. What are the prime factors of b?
2, 5
Suppose 5*v = v + 280. What are the prime factors of v?
2, 5, 7
Let h(p) = p**2 - 2*p + 5. Let j be h(0). Suppose 0*x + j*x = 75. What are the prime factors of x?
3, 5
Let o(b) = 13*b**2 + 17*b - 4. Let r(p) = 9*p**2 + 11*p - 3. Let a(v) = 5*o(v) - 7*r(v). What are the prime factors of a(-6)?
5
Let c be (-1)/5 - (-144)/20. Suppose 0 = -2*h + 3 + c. What are the prime factors of h?
5
Suppose -2*m = -6*m. Suppose m = -c - 3 + 15. List the prime factors of c.
2, 3
Let r be ((-9)/2)/(2/(-4)). Suppose -5*m - r = -49. What are the prime factors of m?
2
List the prime factors of (-3)/5 - (-17892)/45.
397
Let b = -5 - -2. Let x be 2/9 + 32/18. What are the prime factors of x + -4 - (b - 1)?
2
Suppose 2*i - 299 = a, 0 = -i + 2*i - a - 152. List the prime factors of i.
3, 7
Let z(v) = -v**3 + 8*v**2 - 6*v - 9. Let a be z(7). Let u be a/(-8) - (-9)/(-4). What are the prime factors of ((-3)/u)/(3/24)?
2, 3
Suppose 2*r = -0 - 2. What are the prime factors of 62/4 + r/2?
3, 5
List the prime factors of 2 + (-3 - -20) + 1.
2, 5
Let p be -2 + 1 + (-2 - -8). Suppose -y - 2*a + 24 = -4*a, 5*y - 90 = -p*a. What are the prime factors of y?
2, 5
Suppose -f - n + 13 = -3*f, -f = 5*n + 12. Let b(s) = -s**3 - 6*s**2 + 8*s - 1. Let j be b(f). Let d(m) = -3*m - 7. List the prime factors of d(j).
17
Let q = 7 - -18. List the prime factors of q.
5
Let b(o) = o - 4. Let l be b(4). Suppose -p + l = -2. Let q = 5 - p. What are the prime factors of q?
3
Suppose 2*g + g = 12. Let x(m) = 4*m**2 - 3*m + 5. Let r be x(g). Suppose -2*a + 22 = 2*o, 4*o + 2*a + 15 = r. What are the prime factors of o?
2, 5
Let l(a) = -a**3 + 14*a**2 - a + 12. Let n be l(14). What are the prime factors of n + (-3 - -64 - 2)?
3, 19
Suppose -5*u - 5*d = -0*d - 230, -5*d = 20. List the prime factors of u.
2, 5
Let g be 3/6 + (-10)/(-4). List the prime factors of 16/(0 + -2 + g).
2
Suppose 2*u - u = 51. What are the prime factors of u?
3, 17
Let g(b) = 2*b**2 - 5*b - 4. Let u be g(5). Suppose -3*n + 69 = u. What are the prime factors of n?
2
Let q be 46/10 - (-6)/15. Suppose -5*b = 2*i - 16, -2*b + 6*b - q*i = -7. Suppose 21 = b*n - 5. List the prime factors of n.
13
Suppose 1 + 33 = -2*n. Let b = 32 + n. What are the prime factors of b?
3, 5
List the prime factors of 31/(-3 + (-1 - -5)).
31
Let j(c) = 3*c - 2. Let o(q) = -q + 1. Let y(b) = 2*j(b) + 2*o(b). Let g = -2 - -4. List the prime factors of y(g).
2, 3
Let t(i) = 9*i. What are the prime factors of t(4)?
2, 3
What are the prime factors of (-8 + 2)/(6/(-27))?
3
Suppose 6 = 2*j - 0. Let k(c) = 2*c**3 - 3*c**2 + c + 2. List the prime factors of k(j).
2
Let x = 1 + 1. Suppose -s + 11 = 3*b + s, 2*s - x = 0. Suppose 4*p - 4 = 3*h, -4*h + b*p + 4 = -0*h. List the prime factors of h.
2
Suppose -3*v + 4*v = 6. Let r(z) = z**2 - 4*z - 7. Let l be r(v). Suppose -l*w + 26 = -h + 4, 17 = -h + 4*w. What are the prime factors of h?
3
Suppose 2*x = 5*d + 35, 0 = -5*d - 12 - 13. Suppose 42 = -4*m + x*m. List the prime factors of m.
2, 3, 7
Suppose -3*i + 22 = 2*b, 5*i - 32 = -6*b + 3*b. Let w(r) = r**2 + 3*r - 2. Let k be w(-3). Let f = k + b. List the prime factors of f.
2, 3
Suppose 0 = b - 5*n - 24, 0*b + 3*n = b - 16. Let c = 6 - b. Let h(q) = q**3 + q**2 - q + 2. What are the prime factors of h(c)?
2, 3
Let l = 5 - 3. Let x be 16/l*(2 + 0). Suppose -5*d + x = -s, d + 1 = 2*d + 2*s. List the prime factors of d.
3
Suppose -163 = -h + s, 3*h + 3*s = h + 326. Suppose -5*d = -20, -3*d = -5*j - 5*d + h. List the prime factors of j.
31
Let k(t) = t**3 + 5*t**2 + 4*t + 4. Let b be k(-4). Suppose b = 3*m - 2. What are the prime factors of m?
2
Let q = 5 - -6. Let h = q + -21. Let u = 5 - h. What are the prime factors of u?
3, 5
Let b be (-3)/(-6)*2*-20. Let r = 28 + b. List the prime factors of r.
2
Let j(c) = -c**2 + 5*c - 6. Let m be j(5). Let t(w) = -w**3 + 7*w**2 